{"id":130066,"date":"2021-09-23T14:37:41","date_gmt":"2021-09-23T14:37:41","guid":{"rendered":"https:\/\/www.iliskikocubal.com\/site\/?post_type=product&#038;p=130066"},"modified":"2026-04-25T09:20:21","modified_gmt":"2026-04-25T09:20:21","slug":"bereket7","status":"publish","type":"product","link":"https:\/\/www.iliskikocubal.com\/site\/urun\/bereket7\/","title":{"rendered":"Bereket ve \u015eans"},"content":{"rendered":"<p>Do\u011fada kendili\u011finden var olan ta\u015flard\u0131r.<\/p>\n<p>Sitrin : Zenginlik ta\u015f\u0131 olarak da bilinir. \u0130yi olan\u0131 ve paray\u0131 \u00e7o\u011faltma enerjisi vard\u0131r.<br \/>\nAmetist : \u015eans, f\u0131rsat, bereketi \u00e7ekmekte en etkili oldu\u011fu bilinen bir ta\u015ft\u0131r. Negatif enerjinizi alarak ak\u0131\u015f\u0131n\u0131z\u0131 h\u0131zland\u0131r\u0131r. Renk de\u011fi\u015fimi oldu\u011funda, negatif enerji emilimi habercisidir.<br \/>\nK\u00f6k (Di\u015fsiz) ametist : ayn\u0131 \u00f6zelliktedir, \u00e7\u0131kar\u0131ld\u0131\u011f\u0131 kaynak farkl\u0131d\u0131r.<br \/>\nSodalit : hediyemizdir, mant\u0131k ve ak\u0131l ta\u015f\u0131 olarak bilinir, i\u00e7 denge i\u00e7indir.<\/p>\n<p>Paket i\u00e7erisindeki t\u00fcm do\u011fal ta\u015flar\u0131n getirildi\u011fi yer : Brezilya&#8217;d\u0131r.<br \/>\nNas\u0131l kullanaca\u011f\u0131n\u0131z ve nas\u0131l n\u00f6trleyece\u011finiz ile ilgili detayl\u0131 bir kart paketin i\u00e7erisinde vard\u0131r.<br \/>\nT\u00fcrkiye&#8217;nin her yerine Yurti\u00e7i kargo ile 1-3 i\u015f g\u00fcn\u00fc i\u00e7erisinde \u00fccretsiz kargolar\u0131n\u0131z\u0131 \u00e7\u0131kartmaktay\u0131z.<br \/>\nDo\u011fal Ta\u015flar ile ilgili Whatsapp Hatt\u0131m\u0131z : 5312492287 Esma Han\u0131md\u0131r.<\/p>\n","protected":false},"excerpt":{"rendered":"<p>Maddi &#8211; Manevi bereket, \u015fans ve f\u0131rsat \u00e7ekimi, i\u015flerin yaver ilerlemesi i\u00e7in kullan\u0131lan do\u011fal ta\u015flard\u0131r.<\/p>\n<p>Bir adet ham k\u00f6k Sitrin Ta\u015f\u0131, Bir adet di\u015fli ham ametist, Bir adet k\u00f6k ham ametist,<br \/>\nSodalit do\u011fal ta\u015f hediyemizdir.<\/p>\n","protected":false},"featured_media":289135,"template":"","meta":{"_exactmetrics_skip_tracking":false,"_exactmetrics_sitenote_active":false,"_exactmetrics_sitenote_note":"","_exactmetrics_sitenote_category":0},"product_brand":[],"product_cat":[34],"product_tag":[],"class_list":{"0":"post-130066","1":"product","2":"type-product","3":"status-publish","4":"has-post-thumbnail","6":"product_cat-taslar","7":"tm-no-options","9":"first","10":"instock","11":"shipping-taxable","12":"purchasable","13":"product-type-simple"},"_links":{"self":[{"href":"https:\/\/www.iliskikocubal.com\/site\/wp-json\/wp\/v2\/product\/130066","targetHints":{"allow":["GET"]}}],"collection":[{"href":"https:\/\/www.iliskikocubal.com\/site\/wp-json\/wp\/v2\/product"}],"about":[{"href":"https:\/\/www.iliskikocubal.com\/site\/wp-json\/wp\/v2\/types\/product"}],"wp:featuredmedia":[{"embeddable":true,"href":"https:\/\/www.iliskikocubal.com\/site\/wp-json\/wp\/v2\/media\/289135"}],"wp:attachment":[{"href":"https:\/\/www.iliskikocubal.com\/site\/wp-json\/wp\/v2\/media?parent=130066"}],"wp:term":[{"taxonomy":"product_brand","embeddable":true,"href":"https:\/\/www.iliskikocubal.com\/site\/wp-json\/wp\/v2\/product_brand?post=130066"},{"taxonomy":"product_cat","embeddable":true,"href":"https:\/\/www.iliskikocubal.com\/site\/wp-json\/wp\/v2\/product_cat?post=130066"},{"taxonomy":"product_tag","embeddable":true,"href":"https:\/\/www.iliskikocubal.com\/site\/wp-json\/wp\/v2\/product_tag?post=130066"}],"curies":[{"name":"wp","href":"https:\/\/api.w.org\/{rel}","templated":true}]}}