{"id":31171,"date":"2019-01-18T21:35:32","date_gmt":"2019-01-18T21:35:32","guid":{"rendered":"https:\/\/www.iliskikocubal.com\/site\/?post_type=product&#038;p=31171"},"modified":"2026-04-01T07:44:03","modified_gmt":"2026-04-01T07:44:03","slug":"gercek-onu-tani","status":"publish","type":"product","link":"https:\/\/www.iliskikocubal.com\/site\/urun\/gercek-onu-tani\/","title":{"rendered":"Ger\u00e7ek Onu Tan\u0131"},"content":{"rendered":"","protected":false},"excerpt":{"rendered":"<p><strong>Bir insan\u0131n s\u00f6ylediklerini herkes duyar, <\/strong><\/p>\n<p><strong>Esas olay, s\u00f6yleyemediklerini duyman\u0131zd\u0131r.<\/strong><\/p>\n<p>&#8216;Ger\u00e7ek Onu Tan\u0131&#8217; sayesinde birinin alt metnini okuyabileceksiniz.<\/p>\n<p>Gizledikleri, korkular\u0131, ger\u00e7ek karakteri asl\u0131nda ne?<\/p>\n<p>Hayat\u0131ndaki detaylardan onu \u00e7\u00f6zmenizi ve buna g\u00f6re nas\u0131l hareket edebilece\u011finizi belirttim.<\/p>\n<p>Denenmi\u015f ve i\u015fe yarad\u0131\u011f\u0131 kan\u0131tlanm\u0131\u015f y\u00f6ntemler i\u00e7erir.<\/p>\n<p>&#8212;<\/p>\n<p>NOTER ve TC K\u00fclt\u00fcr ve Turizm Bakanl\u0131\u011f\u0131 ONAYLId\u0131r.<\/p>\n<p>\u0130zinsiz kullan\u0131m durumunda IP tespiti ile <strong>YASAL \u0130\u015eLEM<\/strong> ba\u015flat\u0131lacakt\u0131r.<\/p>\n<p>&#8212;<\/p>\n<p>E-Kitapt\u0131r. Eve her hangi bir \u015fey gelmez. Bilgisayar\u0131n\u0131za indirebilirsiniz, telefondan da okuyabilirsiniz. Kitab\u0131 sat\u0131n alman\u0131z\u0131n ard\u0131ndan en k\u0131sa s\u00fcre i\u00e7erisinde size \u00f6zel link e-postan\u0131za yollanacakt\u0131r.<\/p>\n<hr \/>\n<p>\u00c7ok Sevgilerimle &lt;3<\/p>\n","protected":false},"featured_media":31172,"template":"","meta":{"_exactmetrics_skip_tracking":false,"_exactmetrics_sitenote_active":false,"_exactmetrics_sitenote_note":"","_exactmetrics_sitenote_category":0},"product_brand":[],"product_cat":[30],"product_tag":[],"class_list":{"0":"post-31171","1":"product","2":"type-product","3":"status-publish","4":"has-post-thumbnail","6":"product_cat-e-kitaplar","7":"tm-no-options","9":"first","10":"outofstock","11":"downloadable","12":"virtual","13":"purchasable","14":"product-type-simple"},"_links":{"self":[{"href":"https:\/\/www.iliskikocubal.com\/site\/wp-json\/wp\/v2\/product\/31171","targetHints":{"allow":["GET"]}}],"collection":[{"href":"https:\/\/www.iliskikocubal.com\/site\/wp-json\/wp\/v2\/product"}],"about":[{"href":"https:\/\/www.iliskikocubal.com\/site\/wp-json\/wp\/v2\/types\/product"}],"wp:featuredmedia":[{"embeddable":true,"href":"https:\/\/www.iliskikocubal.com\/site\/wp-json\/wp\/v2\/media\/31172"}],"wp:attachment":[{"href":"https:\/\/www.iliskikocubal.com\/site\/wp-json\/wp\/v2\/media?parent=31171"}],"wp:term":[{"taxonomy":"product_brand","embeddable":true,"href":"https:\/\/www.iliskikocubal.com\/site\/wp-json\/wp\/v2\/product_brand?post=31171"},{"taxonomy":"product_cat","embeddable":true,"href":"https:\/\/www.iliskikocubal.com\/site\/wp-json\/wp\/v2\/product_cat?post=31171"},{"taxonomy":"product_tag","embeddable":true,"href":"https:\/\/www.iliskikocubal.com\/site\/wp-json\/wp\/v2\/product_tag?post=31171"}],"curies":[{"name":"wp","href":"https:\/\/api.w.org\/{rel}","templated":true}]}}